{"id":2552,"date":"2024-12-10T10:22:52","date_gmt":"2024-12-10T10:22:52","guid":{"rendered":"https:\/\/fuehrer.arttex.at\/?product=seismic-wave-copy"},"modified":"2024-12-10T10:22:52","modified_gmt":"2024-12-10T10:22:52","slug":"seismic-wave-copy","status":"publish","type":"product","link":"https:\/\/fuehrer.arttex.at\/?product=seismic-wave-copy","title":{"rendered":"Seismic Wave Kopieren"},"content":{"rendered":"<p>Die Feuerwerk Batterie \u00a0Seismic Wave von Nico besitzt 68 Schuss und hat eine Brenndauer von 70 Sekunden. Die Effekte erreichen eine H\u00f6he von ungef\u00e4hr 30 Metern. Das Kaliber dieser Batterie betr\u00e4gt 20 Millimeter im Durchmesser. Die Effekte der Feuerwerksbatterie lassen sich wie folgt beschreiben:<\/p>\n<p><em>Ein Abwechslungsreiche 68 Schuss-Batterie mit senkrechten Einzelsch\u00fcssen in Silber mit roten und gr\u00fcnen Spitzen, teilweise in F\u00e4cherform abgeschossen. Das Finale bildet eine Salve mit bunten Palmeneffekten und goldenen Brokatkronen, umrahmt von bunten Sternen.<\/em><\/p>\n<p>Die Feuerwerk Batterie k\u00f6nnen Sie f\u00fcr viele Anl\u00e4sse verwenden, wie beispielsweise f\u00fcr eine Hochzeit, einem Geburtstag, einem Jubil\u00e4um oder auch f\u00fcr Silvester.<\/p>\n","protected":false},"excerpt":{"rendered":"<p><a href=\"https:\/\/youtu.be\/J7yN8fMfYH0\" target=\"_blank\" rel=\"noopener noreferrer\">Link zu den Video<\/a><\/p>\n<p>F2<\/p>\n<p>68Schuss<\/p>\n<p>gerade und gef\u00e4chert<\/p>\n<p>Kaliber 20<\/p>\n<p>Brenndauer 60s<\/p>\n","protected":false},"featured_media":2550,"comment_status":"open","ping_status":"closed","template":"","meta":[],"product_cat":[18],"product_tag":[],"class_list":{"0":"post-2552","1":"product","2":"type-product","3":"status-publish","4":"has-post-thumbnail","6":"product_cat-feuerwerksbatterien","7":"product_shipping_class-selbstabholung","9":"first","10":"instock","11":"featured","12":"shipping-taxable","13":"purchasable","14":"product-type-simple"},"_links":{"self":[{"href":"https:\/\/fuehrer.arttex.at\/index.php?rest_route=\/wp\/v2\/product\/2552","targetHints":{"allow":["GET"]}}],"collection":[{"href":"https:\/\/fuehrer.arttex.at\/index.php?rest_route=\/wp\/v2\/product"}],"about":[{"href":"https:\/\/fuehrer.arttex.at\/index.php?rest_route=\/wp\/v2\/types\/product"}],"replies":[{"embeddable":true,"href":"https:\/\/fuehrer.arttex.at\/index.php?rest_route=%2Fwp%2Fv2%2Fcomments&post=2552"}],"wp:featuredmedia":[{"embeddable":true,"href":"https:\/\/fuehrer.arttex.at\/index.php?rest_route=\/wp\/v2\/media\/2550"}],"wp:attachment":[{"href":"https:\/\/fuehrer.arttex.at\/index.php?rest_route=%2Fwp%2Fv2%2Fmedia&parent=2552"}],"wp:term":[{"taxonomy":"product_cat","embeddable":true,"href":"https:\/\/fuehrer.arttex.at\/index.php?rest_route=%2Fwp%2Fv2%2Fproduct_cat&post=2552"},{"taxonomy":"product_tag","embeddable":true,"href":"https:\/\/fuehrer.arttex.at\/index.php?rest_route=%2Fwp%2Fv2%2Fproduct_tag&post=2552"}],"curies":[{"name":"wp","href":"https:\/\/api.w.org\/{rel}","templated":true}]}}