{"id":2239,"date":"2023-11-13T20:18:20","date_gmt":"2023-11-13T20:18:20","guid":{"rendered":"https:\/\/fuehrer.arttex.at\/?post_type=product&#038;p=2239"},"modified":"2023-11-13T21:41:37","modified_gmt":"2023-11-13T21:41:37","slug":"sasek","status":"publish","type":"product","link":"https:\/\/fuehrer.arttex.at\/?product=sasek","title":{"rendered":"Sasek"},"content":{"rendered":"<div class=\"woocommerce-product-details__short-description\">\n<div class=\"woocommerce-product-details__short-description\">\n<p><a href=\"https:\/\/youtu.be\/mOeig93gu34\">Produktvideo<\/a><\/p>\n<\/div>\n<form class=\"cart\" action=\"https:\/\/rr-feuerwerk.at\/produkt\/rio-de-janeiro\/\" enctype=\"multipart\/form-data\" method=\"post\"><\/form>\n<ul>\n<li>Kat:\u00a0 \u00a0F2<\/li>\n<li>Schuss:\u00a0 49<\/li>\n<li>Cal: 20 mm<\/li>\n<li>Schussrichtungen:\u00a0 gerade<\/li>\n<li>NEM: 392g<\/li>\n<li>Zeit:\u00a0 \u00a0 \u00a0 \u00a0ca. 44 sec<\/li>\n<\/ul>\n<\/div>\n<form class=\"cart\" action=\"https:\/\/rr-feuerwerk.at\/produkt\/london\/\" enctype=\"multipart\/form-data\" method=\"post\"><\/form>\n<p>&nbsp;<\/p>\n<div class=\"woocommerce-product-details__short-description\"><\/div>\n<p>&nbsp;<\/p>\n","protected":false},"excerpt":{"rendered":"<p>Extrem grelle Batterie mit wundersch\u00f6nen goldglitzernden Kronen, lila Welle und silbernem Blitz, gr\u00fcnen Kokosn\u00fcssen und goldenem Glitzer, goldenem Kamuro und silbernem Blitz, roter Welle und Knistern und Orange und Knistern beginnen. Insgesamt sieben verschiedene Effekte.<\/p>\n","protected":false},"featured_media":2240,"comment_status":"open","ping_status":"closed","template":"","meta":[],"product_cat":[18],"product_tag":[],"class_list":{"0":"post-2239","1":"product","2":"type-product","3":"status-publish","4":"has-post-thumbnail","6":"product_cat-feuerwerksbatterien","8":"first","9":"instock","10":"shipping-taxable","11":"purchasable","12":"product-type-simple"},"_links":{"self":[{"href":"https:\/\/fuehrer.arttex.at\/index.php?rest_route=\/wp\/v2\/product\/2239","targetHints":{"allow":["GET"]}}],"collection":[{"href":"https:\/\/fuehrer.arttex.at\/index.php?rest_route=\/wp\/v2\/product"}],"about":[{"href":"https:\/\/fuehrer.arttex.at\/index.php?rest_route=\/wp\/v2\/types\/product"}],"replies":[{"embeddable":true,"href":"https:\/\/fuehrer.arttex.at\/index.php?rest_route=%2Fwp%2Fv2%2Fcomments&post=2239"}],"wp:featuredmedia":[{"embeddable":true,"href":"https:\/\/fuehrer.arttex.at\/index.php?rest_route=\/wp\/v2\/media\/2240"}],"wp:attachment":[{"href":"https:\/\/fuehrer.arttex.at\/index.php?rest_route=%2Fwp%2Fv2%2Fmedia&parent=2239"}],"wp:term":[{"taxonomy":"product_cat","embeddable":true,"href":"https:\/\/fuehrer.arttex.at\/index.php?rest_route=%2Fwp%2Fv2%2Fproduct_cat&post=2239"},{"taxonomy":"product_tag","embeddable":true,"href":"https:\/\/fuehrer.arttex.at\/index.php?rest_route=%2Fwp%2Fv2%2Fproduct_tag&post=2239"}],"curies":[{"name":"wp","href":"https:\/\/api.w.org\/{rel}","templated":true}]}}