{"id":2096,"date":"2022-11-13T06:28:13","date_gmt":"2022-11-13T06:28:13","guid":{"rendered":"https:\/\/fuehrer.arttex.at\/?product=cake-k-copy"},"modified":"2022-11-13T06:40:01","modified_gmt":"2022-11-13T06:40:01","slug":"cake-k-copy","status":"publish","type":"product","link":"https:\/\/fuehrer.arttex.at\/?product=cake-k-copy","title":{"rendered":"Cake Q"},"content":{"rendered":"<h1>Cake Q<\/h1>\n<div class=\"content p0\">\n<div class=\"description\">\n<p>Rote, Blaue und Lila Dahlien mit wei\u00dfen Blinkern, Goldpalmen mit Roten, Blauen und Lila Sternen, Salven Crackling mit Gr\u00fcnen und Blauen Sternen sowie gr\u00fcne Sterne mit Crackling und Goldbrokatkronen.<\/p>\n<p><span style=\"color: #ff0000;\">Video<\/span><\/p>\n<\/div>\n<\/div>\n","protected":false},"excerpt":{"rendered":"<p>Kategorie F2<\/p>\n<p>Cake Q<br \/>\n36 Schuss<br \/>\n28mm<br \/>\n490g NEM<\/p>\n<p>Professionelle Effektauswahl in rasanter Schussfolge, Finalsequenz<\/p>\n","protected":false},"featured_media":2098,"comment_status":"open","ping_status":"closed","template":"","meta":[],"product_cat":[18],"product_tag":[],"class_list":{"0":"post-2096","1":"product","2":"type-product","3":"status-publish","4":"has-post-thumbnail","6":"product_cat-feuerwerksbatterien","8":"first","9":"instock","10":"shipping-taxable","11":"purchasable","12":"product-type-simple"},"_links":{"self":[{"href":"https:\/\/fuehrer.arttex.at\/index.php?rest_route=\/wp\/v2\/product\/2096","targetHints":{"allow":["GET"]}}],"collection":[{"href":"https:\/\/fuehrer.arttex.at\/index.php?rest_route=\/wp\/v2\/product"}],"about":[{"href":"https:\/\/fuehrer.arttex.at\/index.php?rest_route=\/wp\/v2\/types\/product"}],"replies":[{"embeddable":true,"href":"https:\/\/fuehrer.arttex.at\/index.php?rest_route=%2Fwp%2Fv2%2Fcomments&post=2096"}],"wp:featuredmedia":[{"embeddable":true,"href":"https:\/\/fuehrer.arttex.at\/index.php?rest_route=\/wp\/v2\/media\/2098"}],"wp:attachment":[{"href":"https:\/\/fuehrer.arttex.at\/index.php?rest_route=%2Fwp%2Fv2%2Fmedia&parent=2096"}],"wp:term":[{"taxonomy":"product_cat","embeddable":true,"href":"https:\/\/fuehrer.arttex.at\/index.php?rest_route=%2Fwp%2Fv2%2Fproduct_cat&post=2096"},{"taxonomy":"product_tag","embeddable":true,"href":"https:\/\/fuehrer.arttex.at\/index.php?rest_route=%2Fwp%2Fv2%2Fproduct_tag&post=2096"}],"curies":[{"name":"wp","href":"https:\/\/api.w.org\/{rel}","templated":true}]}}